u(g) = 6*g**3 + 148*g**2 + 1886*g + 23550. Determine u(-19).
-10
Let q(h) = 320*h - 4340. Determine q(14).
140
Let n(j) = -12050*j + 96178. Calculate n(8).
-222
Let z(s) = s**3 - 36*s**2 + 59*s + 294. Determine z(34).
-12
Let s(p) = 5*p**3 - 966*p**2 + 44926*p + 160. Determine s(78).
4
Let w(z) = z**2 - 11859*z + 189519. What is w(16)?
31
Let s(b) = -7*b**2 - 75*b + 217. What is s(-21)?
-1295
Let m(g) = -48*g**2 + 1190*g + 2292. What is m(26)?
784
Let v(d) = 40*d**3 - 27*d**2 + 43*d + 7. What is v(2)?
305
Let j(r) = r**2 - 307*r + 9372. Determine j(33).
330
Let b(f) = f**3 - 58*f**2 - 935*f - 132. Calculate b(-13).
24
Let j(l) = -119890*l + 839318. Determine j(7).
88
Let f(o) = -o**3 + 227*o**2 - 510*o + 13395. Determine f(225).
-105
Let x(g) = -3*g**3 + 48*g**2 + 66*g + 26. Determine x(18).
-730
Let d(g) = g**2 + 1660*g - 1240426. Calculate d(559).
-5
Let q(v) = 12*v**2 - 6*v - 44. Calculate q(9).
874
Let h(c) = 45*c**3 - 31*c**2 - 11*c + 38. Determine h(-4).
-3294
Let f(z) = -15*z**2 + 1395*z - 31970. Calculate f(41).
10
Let y(l) = -9*l**3 - 18*l**2 + 72*l + 27. Give y(-5).
342
Let k(b) = -156*b**2 + 197*b + 261. Determine k(2).
31
Let w(a) = -2*a**3 + 45*a**2 - 109*a + 1954. Determine w(22).
40
Let j(c) = -14*c**2 + 3264*c + 9492. Calculate j(236).
52
Let b(a) = -a**3 - 137*a**2 + 308*a + 4474. Calculate b(-139).
304
Let k(b) = -2*b**3 - 56*b**2 + 854*b - 132. Determine k(-39).
24
Let x(f) = -f**3 - 42*f**2 - 108*f - 53. What is x(-2)?
3
Let q(i) = 2*i**2 + 319*i - 7814. What is q(-181)?
-31
Let z(u) = 74*u**3 + 9253*u**2 + 374*u - 160. Determine z(-125).
-35
Let a(p) = 5*p**2 - 27*p + 73. Calculate a(5).
63
Let d(r) = -49*r**2 + 7333*r + 7337. Determine d(-1).
-45
Let s(t) = 4*t**3 - 255*t**2 - 332*t + 297. Calculate s(65).
-158
Let u(i) = 195341*i - 7422975. Give u(38).
-17
Let j(r) = 18443*r + 295161. Calculate j(-16).
73
Let m(c) = -c**2 - 64*c - 1253. What is m(-25)?
-278
Let n(r) = -4689*r + 384484. Calculate n(82).
-14
Let y(c) = -2*c**3 - 19*c**2 + 1144*c + 5672. Calculate y(-5).
-273
Let i(p) = -99*p - 14595. Determine i(-103).
-4398
Let b(u) = 9340*u + 18465. Determine b(-2).
-215
Let r(u) = 1531*u - 61066. What is r(40)?
174
Let p(i) = i**3 - 33*i**2 - 173*i + 5575. Determine p(33).
-134
Let f(i) = -i**2 - 714*i + 66150. Calculate f(83).
-1
Let g(b) = b**2 - 49*b - 1702. Give g(-23).
-46
Let p(j) = 11*j**3 - 9867*j**2 - 3*j + 2684. Give p(897).
-7
Let d(o) = 5*o**2 - 120*o + 253. Give d(22).
33
Let o(f) = -f**2 - 1026*f + 260494. Calculate o(211).
-513
Let c(n) = 6993*n + 97911. Give c(-14).
9
Let j(q) = 2*q**2 - 4377*q + 52305. Give j(12).
69
Let f(b) = 1194*b + 14283. Calculate f(-12).
-45
Let t(v) = v**3 - 546*v**2 - 6735*v - 446. Give t(-12).
22
Let k(f) = 2*f**3 + 57*f**2 - 91*f - 55. Calculate k(-30).
-25
Let q(t) = -11876*t - 1377580. Give q(-116).
36
Let b(t) = t**3 - 59*t**2 - 207*t - 83. Determine b(-3).
-20
Let l(v) = -292*v + 46466. Calculate l(169).
-2882
Let i(a) = a**3 - 98*a**2 - 292*a + 37721. Calculate i(97).
-12
Let s(v) = -16016*v - 130090. Calculate s(-8).
-1962
Let k(h) = 72489*h + 3914372. Determine k(-54).
-34
Let o(m) = m**2 - 297*m - 6994. Give o(-23).
366
Let r(j) = 129*j + 23668. Calculate r(-192).
-1100
Let h(r) = 3*r**3 + 57*r**2 - 22*r + 495. What is h(-20)?
-265
Let m(p) = -p**2 + 1803588*p + 36072156. What is m(-20)?
-4
Let m(l) = -3*l**3 + 405*l**2 - 399*l - 415. Give m(134).
-13
Let l(g) = -2738185*g + 38334588. What is l(14)?
-2
Let l(d) = -46*d**2 - 480*d + 479. Calculate l(1).
-47
Let v(i) = 88042*i - 7659668. Determine v(87).
-14
Let k(j) = 6952*j**2 - 34781*j - 22. Determine k(5).
-127
Let d(n) = 12*n**3 + 946*n**2 - 83*n + 5908. Give d(-79).
-17
Let w(j) = 213422*j - 2134228. Give w(10).
-8
Let i(m) = 7*m**2 + 1185*m + 4687. Calculate i(-4).
59
Let m(o) = 6*o**2 - 269862*o + 809530. Calculate m(3).
-2
Let x(l) = 74*l**3 + 357*l**2 - 19*l + 76. Give x(-5).
-154
Let u(f) = -4814*f + 948367. Calculate u(197).
9
Let v(b) = 9276*b + 194751. Give v(-21).
-45
Let i(w) = -3*w**2 - 4483*w + 382785. Give i(81).
-21
Let h(t) = -t**2 - 191*t - 1002. Determine h(-184).
286
Let o(f) = 115*f - 1706. Determine o(15).
19
Let p(b) = -2*b**3 + 204*b**2 + 13242*b + 548. Give p(-45).
8
Let b(k) = -k**3 - 7*k**2 - 1982*k - 13894. Give b(-7).
-20
Let a(n) = -2370*n - 96. Calculate a(-2).
4644
Let g(v) = 3*v**3 - 13*v**2 + 502*v - 1444. Give g(3).
26
Let v(s) = -s**3 - 65*s**2 + 12082*s - 2304. What is v(82)?
-8
Let l(i) = 106*i**2 - 2754*i - 151. Calculate l(26).
-99
Let w(x) = x**2 - 21767*x + 152278. Calculate w(7).
-42
Let s(t) = t**3 - 129*t**2 + 7*t - 662. Determine s(129).
241
Let h(i) = -1648*i**2 + 11453*i + 588. Give h(7).
7
Let i(h) = h**3 - 1400*h - 5569. Give i(-4).
-33
Let n(q) = -q**3 + 85*q**2 + 1052*q - 6. Give n(96).
-390
Let f(m) = -212*m**2 + 707*m + 705. Calculate f(-1).
-214
Let k(l) = l**2 + 1600*l + 169395. Calculate k(-114).
-9
Let m(v) = -v**3 - 22*v**2 + 21*v + 19. Give m(-23).
65
Let s(a) = 4*a**3 - 59*a**2 - 72*a + 113. Determine s(16).
241
Let i(d) = 19*d**2 - 1425*d + 15273. Determine i(62).
-41
Let r(x) = 37*x**2 + 66*x + 349. Determine r(-6).
1285
Let g(a) = -7695*a - 15672. Determine g(-2).
-282
Let q(w) = w**3 + 115*w**2 - 342*w + 135. Calculate q(-118).
-1281
Let f(b) = -19036*b + 94181. Calculate f(5).
-999
Let l(r) = -70981*r - 922759. Calculate l(-13).
-6
Let q(s) = -s**3 + 37*s**2 + 51*s - 1639. Give q(37).
248
Let n(u) = u**3 + 210*u**2 + 648*u + 5561. Give n(-207).
-28
Let h(u) = -132430*u - 110976336. What is h(-838)?
4
Let h(c) = c**3 - 80*c**2 - 384*c + 10837. Give h(10).
-3
Let o(f) = -26*f**2 + 213*f - 436. Calculate o(5).
-21
Let x(q) = 5*q**2 - 498*q + 11307. Give x(36).
-141
Let y(o) = 63282*o - 189657. What is y(3)?
189
Let j(z) = -394*z - 42683. Calculate j(-100).
-3283
Let i(h) = -57806*h - 751477. Give i(-13).
1
Let i(o) = 4*o**2 + 5518*o - 22232. Calculate i(4).
-96
Let x(p) = 2*p**3 - 212*p**2 - 195*p - 2082. Calculate x(107).
-49
Let m(q) = -389*q + 749. Calculate m(1).
360
Let l(k) = k**2 + 6*k - 2870. Give l(-75).
2305
Let j(s) = s**3 - 86*s**2 + 457*s + 1809. Determine j(80).
-31
Let m(w) = -24*w**2 - 26*w + 53. Determine m(7).
-1305
Let q(v) = -v**3 + 1368*v**2 + 76891*v + 5561. What is q(-54)?
-1
Let b(g) = -11927*g - 119124. Calculate b(-10).
146
Let s(w) = -7977*w + 239309. Determine s(30).
-1
Let z(i) = -i**2 - 158*i + 631. Give z(4).
-17
Let f(l) = -12*l**2 + 1926*l + 9615. Determine f(-5).
-315
Let i(f) = 29961*f - 1498036. Calculate i(50).
14
Let o(m) = 2230*m + 73555. What is o(-33)?
-35
Let m(g) = -17325*g - 121378. Determine m(-7).
-103
Let h(m) = -5*m**3 + 939*m**2 + 572*m - 72190. Determine h(188).
2
Let m(d) = -d**3 + 355*d**2 - 1064*d + 2802. Give m(352).
-14
Let s(k) = -343*k + 5818. Give s(17).
-13
Let i(n) = 53774*n + 914154. Give i(-17).
-4
Let r(l) = l**3 + 237*l**2 - 4331*l + 43. Determine r(17).
-178
Let o(d) = 75*d**2 - 5640*d + 1113. Determine o(75).
-12
Let m(a) = -2*a**2 + 1352*a - 18816. Give m(14).
-280
Let r(g) = 11*g**2 - 4915*g - 46053. Give r(456).
3
Let l(s) = -88*s**3 + 5*s**2 + 5*s - 4. Give l(-2).
710
Let k(i) = -12946*i + 634391. Calculate k(49).
37
Let l(j) = 189*j + 1639. Determine l(-8).
127
Let z(h) = 1025*h - 7680. Calculate z(8).
520
Let s(f) = -f**3 + 7*f**2 - 69*f - 22. Give s(10).
-1012
Let x(h) = 202910*h - 1014544. Determine x(5).
6
Let q(f) = -985*f + 8745. Calculate q(9).
-120
Let i(p) = 44*p**2 - 463*p + 1001. What is i(3)?
8
Let h(v) = 2*v**3 - 4*v**2 + 691*v - 3596. Calculate h(5).
9
Let r(g) = 1377*g + 178983. Determine r(-130).
-27
Let v(s) = s**3 - 866*s**2 - 3339*s - 122620. Give v(870).
50
Let z(v) = -v**3 - 106*v**2 - 2002*v + 1992. What is z(-81)?
129
Let l(n) = n**3 - 177*n**2 - 703*n - 3702. Determine l(181).
99
Let u(j) = j**3 + 65*j**2 + 964*j - 2645. Calculate u(-37).
19
Let a(m) = 48*m**3 - 167*m**2 - 35*m - 7. What is a(6)?
4139
Let c(a) = -a**3 + 60*a**2 + 280*a + 2909. What is c(65)?
-16
Let d(z) = 256*z**2 - 12*z + 1. Determine d(-2).
1049
Let l(a) = 2*a**3 + 2*a**2 - 5*a + 41. Calculate l(5).
316
Let k(f) = -78216*f + 469306. Determine k(6).
10
Let y(k) = -k**3 - 39*k**2 - 30*k + 155. Give y(-37).
-1473
Let n(c) = -3*c**3 + 844*c**2 - 284*c + 911. Determine n(281).
68
Let x(p) = 